-2*c + 4*c = -5*m + 25, c - 3*m - 7 = 0. Suppose -c*f + 1386 = -4*f. Suppose -h + f = -75. What is the tens digit of h?
0
Let k = 9028 + -6134. What is the tens digit of k?
9
Let s be 13 + -3 - (-7)/(-1). Suppose 7*u - 1576 = -s*o + 6*u, -o + 522 = 2*u. What is the tens digit of o?
2
Suppose -2*k = -5*c - 15501, -4*k + 19*c = 17*c - 30962. What is the units digit of k?
8
Let o = 118788 + -60072. What is the ten thousands digit of o?
5
Let g = 80 + -105. Let b be 1460/(-6)*g/(50/(-12)). What is the tens digit of (11/((-55)/b))/2?
4
Let g(c) = -c**2 - c + 500. Suppose 3*z + 1 = 3*f + 13, -8 = z + 2*f. What is the tens digit of g(z)?
0
Let t(f) = 6*f + f**2 - 3*f**3 + 2 - 3*f - 2*f. Suppose 4*k = -r + 6, 12 = -2*r + r + 5*k. What is the tens digit of t(r)?
2
Suppose 3*d = -12, -4*r - 3418 = -2*r + d. Let z = r + 2937. What is the hundreds digit of z?
2
Let j = -16821 - -23731. What is the hundreds digit of j?
9
Suppose -12*g = -83262 + 22674. What is the thousands digit of g?
5
What is the hundreds digit of 2/(-9) - (-5480550)/405?
5
Let s = -64145 - -126910. What is the ten thousands digit of s?
6
Let k = -44 - -44. Suppose -n = -k*n. Suppose z - 5*f - 134 = n, -7*z + 2*z = f - 618. What is the units digit of z?
4
What is the hundreds digit of 13 - 16 - 1 - -43456?
4
Let k(q) = -20*q - 11. Let n be k(2). Let m = n + 149. Let f = 22 + m. What is the tens digit of f?
2
Let v(z) = 284*z**2 + 3*z - 10. Let m = -133 - -135. What is the units digit of v(m)?
2
Let h(r) = 8*r - 65. Let s be h(10). What is the tens digit of 180 - s/(-2 + -1)?
8
Let b(x) = x**2 - 16*x + 39. Let p be b(14). Suppose 0 = -v + 24 - p. Suppose -322 = v*w - 1271. What is the tens digit of w?
7
Suppose 1 = 2*g - t - 1, t = 2. Suppose -g*u + 2111 - 245 = 2*k, -1836 = -2*u + 4*k. What is the hundreds digit of u?
9
Let h(f) = -77*f**2 + f. Let m be h(-1). Let u be 6/15 + (-446)/(-10). What is the units digit of u*(m/(-15) - 4)?
4
Let w(b) = -b**2 + 10*b - 24. Let f(q) = 4*q**2 - 31*q + 72. Let l(g) = 2*f(g) + 7*w(g). Let t be l(-10). What is the units digit of (t + 2 - -14) + -3?
9
Suppose 36*d - 1117388 = 736576. What is the thousands digit of d?
1
Suppose -3*x = s - 47, 4*x + 3*s - 44 = 27. Suppose -12 = 3*q, 5*r - x = 3*r - 3*q. What is the tens digit of r?
1
Let p be -5 + 4 + 9 + 1. Suppose -3 = -p*k + 24. Suppose -k*x - r = -83, x + r = -0*x + 27. What is the units digit of x?
8
Let c(q) = -8*q + 49. Suppose 60*b - 54*b + 162 = 0. What is the tens digit of c(b)?
6
Let s = 21 + -61. Let l be (-2)/(-3) + (-905)/(-15). Let x = s + l. What is the tens digit of x?
2
Suppose d = -4*b + 228, 0 = 2*b - 4*b - 2*d + 120. Let m = b + -53. Suppose m*f = -3*f + 888. What is the units digit of f?
8
Let x be 16 + -9 - (3 - (3 + -3)). Suppose -2019 = -7*b + x*b. What is the units digit of b?
3
Suppose 2*y + 4*s - 10 = 0, y - 2*s - 2*s + 1 = 0. Let d be (0 + 1)/y*6. Suppose -29 = -t - c, d*c + 83 = 3*t + 3*c. What is the tens digit of t?
2
Let o = 15 - 12. Suppose 0 = -j + 5*z + 45, o*j + 4*z - 12 = 85. What is the units digit of 7/j + 104/5?
1
Suppose t + 107903 = 5*o, -162*o + 2*t + 21595 = -161*o. What is the hundreds digit of o?
5
Let a = 2852 - 1450. What is the hundreds digit of a?
4
Suppose -126*k - 3*s = -129*k + 43791, -29204 = -2*k - 3*s. What is the hundreds digit of k?
5
Let y be (17 + -21)/(-2*3/(-12)). What is the tens digit of (7674/y)/(-3) + 12/(-16)?
1
Suppose -2*h - 5*c = h - 10660, -14221 = -4*h + c. Suppose 85*l - h = 76*l. What is the tens digit of l?
9
Suppose 4*w - 2*v + 0*v + 22 = 0, -4*w - 17 = -3*v. Let k = 2 + w. Let z(u) = -u**3 - 4*u**2 + 6*u - 2. What is the units digit of z(k)?
4
Let y be ((-14)/16)/((-1)/8). Suppose 5*s - 4626 = -3*f, 9 = -10*f + y*f. What is the tens digit of s?
2
Suppose u - 2*u = -22. Let h(b) = -44*b**3 - b**2 - b + 1. Let s be h(-1). Let p = s - u. What is the units digit of p?
3
Let s be 3584/3 + 4/18*-3. Let y = s + -454. What is the hundreds digit of y?
7
Suppose 0 = -2*c + 2*o + 48, 0 = -2*o + 4 + 2. Let a be (c - 27)/(-4 + 1 + 1). Suppose -4*i - w - 82 + 426 = a, 3*i = 4*w + 258. What is the units digit of i?
6
Let k = 107 + -106. What is the units digit of (830/8 + k)*4?
9
Let k = 34 - 30. Suppose t = l + 3*t - 11, -2*l + 2*t + k = 0. Suppose -4*s + 2*h = -82 - 100, 4*s - 197 = l*h. What is the tens digit of s?
4
Suppose 54*d - 1004775 - 1648502 + 718133 = 0. What is the tens digit of d?
3
Let f = -38 + -25. Let t = 66 + f. Suppose 0 = -2*j + j - 3, -t*x = 2*j - 750. What is the tens digit of x?
5
Let s = -41 - -55. Suppose 2*a - s = -0*a. What is the units digit of a?
7
Let d(b) = b**2 + 22*b + 56. Let k be d(-19). Let s(p) = -221*p + 17. What is the hundreds digit of s(k)?
2
Suppose 0 = 342*k - 3770 - 4780. Suppose -270 = -3*j - 4*z, 1 = -3*z + 10. Suppose d = k + j. What is the hundreds digit of d?
1
Suppose 0 = -52*k - 252*k + 2098816. What is the thousands digit of k?
6
Let r(k) = 19*k + 5. Let h(w) = -4 + 7 + 5 - 3 + 19*w. Let g(i) = 4*h(i) - 3*r(i). What is the hundreds digit of g(5)?
1
What is the hundreds digit of 1552864/46 - -1 - (-3668)/42182?
7
Let q(a) = -4*a - 21. Let h be q(-6). Suppose h*r = 5*r - 1870. Suppose 39*s - 34*s = r. What is the hundreds digit of s?
1
Let o be (-2)/3*-9 - -2. Suppose 645 = -o*j + 9*j. What is the units digit of j?
5
Suppose 33861 = 3*o - 203*i + 197*i, 0 = o + 4*i - 11263. What is the hundreds digit of o?
2
Let t = -61 + 61. Let g = t - 55. Let y = 52 - g. What is the units digit of y?
7
Let m(s) = -s**3 + 7*s**2 + s - 5. Let r be m(5). Let p = r + -47. What is the units digit of p/(2/((-8)/6)) + 8?
6
Let s = -6279 - -14297. What is the tens digit of s?
1
Suppose -4*l + 2*l = -16. Let j(y) = -24 - 4 + 2 + 6*y + 7. What is the tens digit of j(l)?
2
Let i = 14536 + 11472. What is the tens digit of (-4)/26 + (i/52 - -6)?
0
Suppose 72*a - 24*a + 35*a - 1839778 = 0. What is the tens digit of a?
6
Let i be (-4)/(-18) + 2560/144. Suppose 9 = -9*q - i. What is the units digit of (798/(-24))/(q/12)?
3
Suppose 0 = 4*j - 65 + 29. What is the tens digit of (0 - -71)*(-8 + j)?
7
Let k(q) be the second derivative of -5*q**3/2 - 57*q**2 - 68*q. What is the tens digit of k(-33)?
8
Let p(g) be the third derivative of g**5/30 - 3*g**4/2 + g**3/3 + 4*g**2. Let t be p(17). Let s = t + 133. What is the units digit of s?
1
Suppose -8*v + 786 = -38. Let a = 443 - v. What is the hundreds digit of a?
3
Let k(d) = d**3 + 11*d**2 + 7*d - 24. Let n be k(-10). Suppose n*a = 651 + 609. What is the hundreds digit of a?
2
Let r(x) = -2*x**3 - 11*x**2 - 10*x + 6. Let n(h) = -h**3 - 10*h**2 - 9*h + 6. Let c(u) = -3*n(u) + 2*r(u). What is the units digit of c(7)?
2
Let o be (-3)/4 + 11/4. Let j be (13/((-26)/(-172)))/1. Suppose 4*p - o*p = d - 24, -3*d + j = p. What is the units digit of d?
8
Let d = 4114 - 2236. What is the tens digit of d?
7
Suppose -5*y + 38643 = 14853. What is the tens digit of y?
5
Let s(m) = 140*m**3 + 6*m**2 - 17*m + 58. What is the tens digit of s(5)?
2
Suppose 2*q = 5*y + 30243, 30255 = -6*q + 8*q - y. What is the tens digit of q?
2
Let p(d) be the first derivative of -d**5/60 + 4*d**4/3 - 8*d**3 + d**2 - 12. Let g(m) be the second derivative of p(m). What is the hundreds digit of g(16)?
2
Suppose 5*c + 102 = -18. Let t be -3 - (-11)/((-44)/c). What is the tens digit of ((t - 2) + 15)/((-2)/(-8))?
6
Let o = -33 - 56. Let i = -605 + 619. Let r = i - o. What is the tens digit of r?
0
Let g(x) = -326*x + 23. Let i be g(-8). Suppose -4*d = 3*n - i, -2*d + n = -4*d + 1315. What is the tens digit of d?
5
Let f = 5464 + 6836. What is the units digit of f?
0
Suppose 9 = 3*m, -3*q + 456 = m - 3*m. Suppose -q = -6*w + 5*w. Let k = w + -53. What is the tens digit of k?
0
Suppose 38673 - 27574 = 6*r - 47677. What is the tens digit of r?
9
Let q(b) = 118*b + 62. Let p be q(11). Suppose -x = -9*x + p. What is the tens digit of x?
7
Let n = -229 + 153. Let h = 906 - 940. Let x = h - n. What is the units digit of x?
2
What is the ten thousands digit of (-3 + 4)*(8/48 - 209175/(-18))?
1
Let t(u) = 2*u**3 + 59*u**2 + 21*u + 9. Let q(v) = -28*v + 27. Let j be q(2). What is the hundreds digit of t(j)?
2
Let v be (7/4)/((-42)/(-504)). Let n(d) = 2*d**2 - 45*d + 81. What is the units digit of n(v)?
8
Let k(u) = -u**